) + 9*v(n). Calculate q(-5).
2
Let c(r) be the first derivative of r**2/2 - 6*r + 94. Determine c(5).
-1
Suppose -2*c = 3*x - 6, -3*x + 6*c = 3*c - 21. Let r(n) = -2 + 3*n - x*n - n. Let b(h) = -2*h**3 - h. Let q be b(1). Calculate r(q).
4
Let q(s) = s**3 + 29*s**2 - s - 37. Let d be q(-29). Let m(a) = a**2 + 8*a - 1. Calculate m(d).
-1
Let s(c) = c - 2. Let z be ((-9)/(-6))/(12/32). Let g be (8 + -6)*(-2)/z. Let u(x) = -x**3 - 1. Let o be u(g). What is s(o)?
-2
Let z = 70 + -71. Let y(k) be the first derivative of -k**2/2 - k + 14. Determine y(z).
0
Let k(r) = -13*r + 10. Let w(l) = l**2 + 1. Let x(p) = k(p) + w(p). Suppose 4*o - n - 44 = -3*n, -5*o - 3*n = -56. Determine x(o).
-19
Let t(j) be the second derivative of j**4/12 - 9*j**2/2 + 115*j. What is t(0)?
-9
Let r(l) = l**3 + 3*l**2 - 4*l + 5. Let m be (-234)/(-12)*2/(-3). Let b = -5 - m. Let h be 8*(20/b + -3). Give r(h).
5
Let c(q) = -q**2 + 3*q - 1. Let y(u) = 2*u + 2. Let l = -73 - -74. Let b be y(l). Give c(b).
-5
Suppose 3*s = -a, -s + 4*s = -3*a + 6. Suppose 2*z - 1 = -3. Let k be (-1 - s - z) + 1. Let x(t) = 3*t + 1. What is x(k)?
7
Suppose 4*m - 30 = -6. Let a(z) = -z**2 + 9*z - 4. Give a(m).
14
Let a(u) be the second derivative of u**4/12 - u**3/3 + 9*u**2/2 + 10*u + 3. Give a(4).
17
Let d(p) = p**3 - 6*p**2 + p - 3. Let o be ((-30)/(-40))/((-1)/44). Let n = 39 + o. Determine d(n).
3
Let y(i) be the second derivative of 0 + 2/3*i**3 - 1/4*i**4 - 1/20*i**5 - 3/2*i**2 - 5*i. Calculate y(-4).
-3
Let f(d) = 7*d + 46. Let t be f(-14). Let j = t + 43. Let u(l) = 2*l + 4. Calculate u(j).
-14
Let k = 235 + -231. Let f(y) = -y**3 + 4*y**2 + 3*y - 5. Give f(k).
7
Suppose 10*p - 24 = 2*p. Let i(h) = h**2 - 4*h**3 - h**p - h**3. Let b be (3/9)/((-2)/6). What is i(b)?
7
Let k(c) be the third derivative of c**4/8 - c**3/6 + 7*c**2. Suppose -55 = -2*g - 51. Determine k(g).
5
Let f be (-2 + 10 + -1)/(4/8). Let o be 7/f*-2 - (2 - -1). Let i(r) = -r**3 - 5*r**2 - 6*r - 3. What is i(o)?
5
Let q(u) = -u - 2. Let a(n) = -n - 9. Let o(d) = a(d) - 3*q(d). Calculate o(-2).
-7
Let o(c) be the first derivative of -11 - 5/2*c**2 + 7*c. Give o(6).
-23
Let z(o) = 11*o - 7. Let s(c) = 5*c - 3. Suppose 12 = i + 21. Let p(k) = i*s(k) + 4*z(k). Let t be -10*((-9)/(-6) - 1). What is p(t)?
4
Let i = 0 + -3. Suppose -4 = -4*d - 0. Let l(y) = y - 2*y - 3 + d + 2*y. Determine l(i).
-5
Suppose 51*u - 2*u = 147. Let y(t) = 3*t**3 - 10*t**2 - 1. Give y(u).
-10
Let j = 11 - 4. Let k(q) = -7*q - j + 4*q + q. Give k(-5).
3
Let o(k) be the third derivative of -k**6/40 + k**5/30 - k**4/12 + k**3/6 - 222*k**2. Give o(3).
-68
Let l = 8 + 1. Let n(v) be the second derivative of v**4/12 - 4*v**3/3 + 9*v**2/2 + 119*v. Give n(l).
18
Let f(z) = -z**3 + 20*z**2 + z - 14. Let a(u) = -u**2 - 4*u + 97. Let l be a(7). Calculate f(l).
6
Let g(s) = 12*s + 1 + 8 + 0*s**3 - 11*s**2 - s**3. Calculate g(-12).
9
Let l(o) = 197*o**2 - 96*o**2 - 7*o - 93*o**2 - o**3 + 4. Calculate l(7).
4
Let j(i) = -78*i - 2 - 10 + 80*i + 3 + 2*i**2. What is j(-4)?
15
Let t(r) = 3*r - 2. Let f(p) be the first derivative of 24*p**2 - 33*p - 9. Let g(k) = 4*f(k) - 66*t(k). What is g(-1)?
6
Let o(i) = -i - 6. Let c(g) = g**2 - 6*g - 7. Let z(f) = 2*c(f) - 3*o(f). Determine z(6).
22
Suppose 0 = -5*x + 91 - 31. Suppose x + 6 = -3*q. Let k(c) = -c**2 - 6*c - 3. Calculate k(q).
-3
Let s(j) = -4*j**3 - j**2 - 8*j. Let n(p) = -3*p**3 - 2*p**2 - 7*p - 1. Let a(f) = 3*n(f) - 2*s(f). What is a(-4)?
17
Let f(y) = y**3 + 4*y**2 + 2*y. Let j = 55 - 51. Suppose -j*u - 24 = -12. Calculate f(u).
3
Let n be (-2 + -1)*((-77)/(-84))/(-11). Let u(b) be the first derivative of -3*b + 4 + n*b**4 - b**2 + 2/3*b**3. Determine u(-3).
-6
Let f(p) = -6*p + 8. Let w(y) = 2*y**3 + 2*y**2 - 2*y + 1. Let x be w(1). Let z = -7 + x. Let o(s) = 13*s - 17. Let k(n) = z*o(n) - 9*f(n). What is k(6)?
8
Let q(o) be the third derivative of -o**4/24 + 5*o**3/2 - o**2 - 5*o. Let c(w) = 6*w - 73. Let g(s) = -2*c(s) - 11*q(s). What is g(0)?
-19
Let s(r) = 6 + 4*r**2 - 5*r**2 - r**3 - 5 + 3. Suppose 0*c + 2*c = 0. Calculate s(c).
4
Let r(l) = -l**3 + 4*l**2 + 4*l - 22. Let u be r(3). Let y(i) = 15*i**3 - i**2 - i. What is y(u)?
-15
Let y be (40/(-12) + 4)*(-9)/2. Let n(f) = -2*f - 1. Calculate n(y).
5
Suppose 6*s - 37 = 11. Let v(w) = -w + 12. Give v(s).
4
Let k(t) be the third derivative of t**6/120 - t**5/12 + t**4/12 + t**3/3 - 12*t**2 - 5*t. Calculate k(3).
-10
Suppose -4*f = -3*b - 20, f - 4*b = -2*f + 22. Let z(w) = -32*w + 70. Let k(i) = -6*i + 13. Let p(j) = -11*k(j) + 2*z(j). Calculate p(f).
1
Let u(l) be the third derivative of 5*l**4/6 - l**3/2 - 5*l**2 + 1. Determine u(2).
37
Let m = -6 + 16. Let k(g) = g - 16. Determine k(m).
-6
Suppose 12*a - 38 = 6*a + h, a - 2*h + 1 = 0. Let i(x) = 3*x - 28. Determine i(a).
-7
Let t(p) be the third derivative of -p**4/6 - 4*p**3/3 - 259*p**2. Give t(5).
-28
Let b = -63 - -44. Let j = b + 24. Let y(z) = -z**3 + 5*z**2 - 7. Determine y(j).
-7
Let s(o) = -o**2 - o + 1. Let g(a) = 7*a + 11. Let r(c) = -5*c - 14. Let h be r(-3). Let b(d) = h*g(d) - s(d). Determine b(-8).
10
Let t(n) = n**2 + 4*n - 13. Suppose 5*j = 3*f - 24, 2*f - 5 = 2*j + 3. Calculate t(j).
-1
Let w(g) be the third derivative of g**4/8 - 7*g**3/6 - 2*g**2. Let s(i) = 5*i - 45. Let f be s(10). Give w(f).
8
Let p(u) = 5*u + u**2 + 1 + 6*u + 11*u - u**3 - 21*u. Let y(l) = 2*l**3 - 8*l**2 - 4*l - 1. Let m(o) = -3*p(o) - y(o). Determine m(-4).
10
Let r = 955 + -955. Let w(s) = -s**2 - s + 15. Give w(r).
15
Let y(i) be the third derivative of 0*i**3 + 1/120*i**6 + 1/60*i**5 + 0*i + 0 - 1/24*i**4 + 29*i**2. Give y(1).
1
Let m(z) = 14 + 3 + 16*z - 7*z**2 + 6*z**2. Let i be m(17). Let y(l) = l**2 + 3*l**2 - 6*l**2 + l**3 - 1 - 2*l + i*l. Calculate y(2).
-5
Let x be 14/(-16)*44/(-462). Let o(i) be the second derivative of 0 + 7/6*i**3 - 2*i**2 - x*i**4 - 7*i. Give o(5).
6
Let g(o) be the second derivative of 0 - 7/6*o**3 + 39*o + 1/2*o**2. Give g(1).
-6
Let i(r) be the first derivative of -5*r**2/2 - 55. Calculate i(5).
-25
Let g(q) = q**2 + 175*q + 8 + 176*q - 336*q. Calculate g(-14).
-6
Let h(f) be the second derivative of -f**5/20 - f**4/4 + f**3/6 + f**2/2 + 138*f. What is h(-3)?
-2
Let a(o) = -3 - 1 - o - 2*o - o**2. Let t = -3 + 3. Suppose 3*r - 5*k = -35, t = r - 2*r + k - 9. What is a(r)?
-14
Let p = 737 + -730. Let w(z) = -z**3 + 6*z**2 + 3*z + 9. Calculate w(p).
-19
Let j(x) be the second derivative of x**4/12 - x**3/6 - 7*x**2/2 + x. Suppose 11*a - 6*a - 20 = 0. Calculate j(a).
5
Let k(s) = -3*s. Let j(f) = f**2 + 14*f - 30. Let z be j(2). Let t(x) be the second derivative of -x**3/6 - x. Let c(v) = z*k(v) - 5*t(v). Give c(-2).
2
Let k(l) = 2*l**2 - 9*l + 10. Let n be k(4). Let b(g) = -13*g + n*g + 1 + 6*g. Determine b(-4).
5
Let m(d) = -5*d - 4. Let f(l) = -9*l - 7. Let o be -1 - -7 - 1 - 2. Suppose -11 = 3*r + 4. Let q(j) = o*f(j) + r*m(j). Determine q(-5).
9
Let i(r) be the second derivative of r**4/4 - r**3/2 + 3*r**2/2 + r. Let x = 17 + -1. Suppose x - 24 = -4*l. Calculate i(l).
9
Let g = -1512 - -1507. Let d(c) = c**3 + 4*c**2 - 4*c + 12. Determine d(g).
7
Let d(f) = 6*f**2 + 0*f - 2 - 2*f - 2*f + 0*f + 7*f. Give d(1).
7
Let i(w) = -9*w + 2. Let h(k) = -5*k + 1. Let s(m) = -11*h(m) + 6*i(m). Suppose -4*r - 4*b = 8, 5*r = -b - 7 - 3. Calculate s(r).
-1
Let t(l) = -9*l + 2. Let w(u) = 2*u - 1. Let z(i) = t(i) + 3*w(i). What is z(0)?
-1
Let j(p) be the third derivative of -p**4/12 + p**3 - 4*p**2 + p. Determine j(7).
-8
Suppose 0 = 192*t - 184*t + 32. Let m(p) = -9*p - 15. Determine m(t).
21
Let l be -6 - 7*(8 + -9). Let y(c) = 7*c. What is y(l)?
7
Let u = 122 - 115. Let l(h) be the third derivative of 1/24*h**4 + 0*h - 1/3*h**3 - h**2 + 0. Calculate l(u).
5
Let g(l) = -14*l + 1. Let z(i) = -12*i - 169. Let x be z(-14). Calculate g(x).
15
Let n(h) be the first derivative of -h**2/2 - 8*h - 177. Calculate n(-4).
-4
Let r(i) = 41*i + 6. Let a(h) = 22*h + 3. Let d(m) = -11*a(m) + 6*r(m). Give d(5).
23
Let o(d) = 301 - 4*d - 147 - 140. Give o(5).
-6
Let s(a) = 5*a**2 + 11*a. Let i(h) = -3*h**2 - 5*h. Let w(z) = 13*i(z) + 6*s(z). Calculate w(1).
-8
Let n(d) be the first derivative of d**6/120 - d**5/12 + d**4/12 - 2*d**3/3 + 7*d**2/2 - 1. Let j(z) be the second derivative of n(z). Give j(5